113*q = 110*q - 4*g + 3098, 2*g = 4*q - 4160. What are the prime factors of q?
2, 3, 173
Let o(z) = -z**3 + 0 + 4 + 7*z**2 - 10 + 0 - 8*z. Let p be o(6). List the prime factors of (50/(-30))/(2/p).
3, 5
Let m be (55/25)/((-2)/(-10)). Let g = m + -5. What are the prime factors of g?
2, 3
Suppose 149*y = 134*y + 13740. List the prime factors of y.
2, 229
Suppose -p + 2*p = 5*b - 59, -b + 10 = -2*p. Suppose b*z = 7*z + 800. What are the prime factors of z?
2, 5
Suppose -u + 1057 = 2*g - 0*u, -2*g = -5*u - 1075. What are the prime factors of g?
2, 5, 53
Let h(b) = -b**3 + 5*b**2 - 4*b - 4. Let i be h(4). Let o = -8 - i. Let x(g) = -g**3 - 2*g**2 - 3*g - 3. What are the prime factors of x(o)?
41
Let c = 64 + -63. Let v(z) = 2*z**2 + 7*z - 1. Let k(u) = -u**2 - u. Let g(o) = -6*k(o) - v(o). What are the prime factors of g(c)?
2
What are the prime factors of (-36)/6 + 2/(-1) + 2003?
3, 5, 7, 19
Suppose 0 = -v - 0*m - 2*m + 3, 3*m = 3*v + 36. Let p be (17 + v)/(1/(-10)). Let o = p - -149. List the prime factors of o.
7
Let j be (-3 + 2)/(7/(-49)). Suppose -8*g = -j*g - 28. List the prime factors of g.
2, 7
Let t(k) = -2*k**2 + k + 1. Let q be t(3). Let x be (q + -1 + -1)/1. Let l = x - -39. List the prime factors of l.
23
Let j(y) = 8*y - 6 + 48 + 20*y + 3. List the prime factors of j(7).
241
Suppose -4*d - 5*l = -0*d - 5, 2*d + 4*l = 4. Let r be d*(-4)/(-12)*-1. Suppose r*t = 3*t - 153. List the prime factors of t.
3, 17
Let q = -649 + 1003. Suppose 5*d - q = -4*b + 2*b, 2*b - 5*d = 334. What are the prime factors of b?
2, 43
Let n = 3395 - 2239. What are the prime factors of n?
2, 17
Let r(c) = 1 + c - 5 + 1. Let x be r(3). Suppose -4*q + 2*n = x, 2*q = -3*n + 5 + 11. What are the prime factors of q?
2
What are the prime factors of -4 - 3/(-3) - -1*164?
7, 23
Let f = -51 + 54. What are the prime factors of (-4)/f*(-1161)/6?
2, 3, 43
Suppose -3*z + 751 = 721. List the prime factors of z.
2, 5
Let a(r) = -3*r**2 - 8*r - 3. Let d be a(-6). Let x be (d + -1)/((-8)/16). Suppose 0 = -g - 3*g + x. List the prime factors of g.
2
Let a be (4/(-8) - 9/(-6)) + 2. Suppose a*n - 115 = 41. List the prime factors of n.
2, 13
Let o(t) = 4*t**2 - 9*t + 80. Let a(f) = -3*f**2 + 6*f - 53. Let r(k) = 7*a(k) + 5*o(k). What are the prime factors of r(0)?
29
Suppose -3*d - 9 - 6 = 0. Let n(j) be the second derivative of -j**5/20 - j**4/2 - 4*j**3/3 - 2*j**2 + 20*j. List the prime factors of n(d).
11
Let p(i) = 1049*i - 271. What are the prime factors of p(4)?
5, 157
List the prime factors of (1*-2)/(62/(-14291)).
461
Suppose -898*v = -899*v + 923. What are the prime factors of v?
13, 71
Let s = 179 + 184. What are the prime factors of s?
3, 11
Let h(p) = -7*p + 10. Let u(z) = 13*z - 19. Let i(r) = 11*h(r) + 6*u(r). Let a be i(8). Suppose -a*w - w = -65. List the prime factors of w.
13
Let k = -7 - -12. Suppose 2*y + k = i, -4*i + 5*y = 2*y - 15. Let u = 10 + i. What are the prime factors of u?
13
Let c = 7123 - 3615. List the prime factors of c.
2, 877
Suppose 38*k + 813 = 39*k. List the prime factors of k.
3, 271
Let y = 1704 + -848. List the prime factors of y.
2, 107
Suppose -5*g + 636 = -4*b + 107, 2*b = -3*g + 313. What are the prime factors of g?
3, 5, 7
Let b = -8 + 7. Let u(p) = 34*p**3 - 3*p**2 + 4*p - 2. Let l(a) = -69*a**3 + 7*a**2 - 9*a + 5. Let s(k) = -3*l(k) - 7*u(k). List the prime factors of s(b).
31
Suppose 0 = h - 4*t - 22, -4*t - 18 - 2 = 0. What are the prime factors of (80/50)/(172/85 - h)?
2, 17
Suppose -6*x - 6 = -8*x. Let a be 1 + (x - 2)*-1. Suppose a = -4*l + 9*l - 80. List the prime factors of l.
2
Let s be ((0 - 3) + 4)*-7. Suppose 2*u - 3 = 35. What are the prime factors of u - s/(28/8)?
3, 7
Suppose 339 = 3*r + 4*l, 2*r + 0*r - 4*l = 246. Suppose -99 - r = -v. What are the prime factors of v?
2, 3
Let d(y) = -31*y**2 + y + 1. Let k be d(1). Let b = 16 - k. List the prime factors of b.
3, 5
Suppose -16 = 2*o - 4*o. Suppose o = -13*w + 11*w. Let c(m) = -3*m - 2. What are the prime factors of c(w)?
2, 5
Let o(n) = -n**2 + 1. Let a be o(-1). Suppose 7*f = f + 72. Suppose a*r + 2*r = f. What are the prime factors of r?
2, 3
Let t = -12 + 16. Let d be 3 - (t/2 + -2). What are the prime factors of (121/(-33))/((-1)/d)?
11
Suppose 3*n + 0*n = w + 138, -3*w - 414 = -n. Let b = -81 - w. What are the prime factors of b?
3, 19
Let m be -4 - (-6 + 3) - -3. List the prime factors of 4/m*(-30)/(-12).
5
What are the prime factors of (-37122)/(-15) + 5*(-8)/(-200)?
3, 5, 11
Let t(s) = s - 15. Let z be t(18). Suppose -b = z*k - 47, 5*k = 4*k. List the prime factors of b.
47
Let x(k) = k**3 - k**2 + k. Let w(l) = -l**3 - 7*l - 4. Let j(o) = w(o) + 2*x(o). List the prime factors of j(5).
2, 23
Let o = 3053 - 526. List the prime factors of o.
7, 19
Let i(n) = 4*n - 1. Let b be i(1). Let g(p) = 21*p**2 - p - 1. Let l be g(-1). What are the prime factors of (b + -2)*(l - 1)?
2, 5
Suppose 5*b - 20 = -4*q, 2*b + 0*q = -3*q + 15. Suppose -2*o = -2*w - 2, -3*w - 4*o = -5*w. List the prime factors of 150/6 - (b + w).
3
Let q(v) = -v**2 + 3*v + 3. Let h be q(-18). Let a = h - -599. What are the prime factors of a?
2, 7
Let b = -60 - -68. Suppose b*w - 277 = 211. What are the prime factors of w?
61
Suppose -6*p - 5*f - 1677 = -9*p, -3*f = 2*p - 1099. List the prime factors of p.
2, 277
Let c(l) = -l**2 + 7*l + 9. Let y be c(7). Let q = y + 33. List the prime factors of q.
2, 3, 7
Let o(v) = 58*v + 3. Let k(j) = 19*j + 1. Let b(f) = 8*k(f) - 3*o(f). Let w = -1 + 0. List the prime factors of b(w).
3, 7
Suppose -2*t + 5*l + 1836 = 0, -1830 = -2*t - 2*l + 4*l. What are the prime factors of t?
11, 83
Let l(q) = 41*q - 2. Let i(g) = 20*g - 1. Let n(z) = -5*i(z) + 3*l(z). Let y(h) = h**3 + 11*h**2 + h + 12. Let d be y(-11). List the prime factors of n(d).
2, 11
Suppose -12 = 4*a + 84. Let s = 26 + a. Suppose -s*l = -2*m + 6, 2*l + 2*l = 2*m. List the prime factors of m.
2, 3
Let q(l) = -l**3 + 2*l. Let y be q(-2). Suppose 141 = y*t - 11. Suppose t = 5*b - 22. What are the prime factors of b?
2, 3
Suppose 0 = 2*n + 2*q - 18, 2*n + 4*q = 6*q + 2. Let l = -180 + 374. Suppose -n*h = 3*m + m - l, 2*h - 4 = 0. What are the prime factors of m?
2, 23
Let y be (-9)/(-27) + (-64)/3. Let p = y - -42. Suppose -2*r + p = u, 6*u - 66 = u + 3*r. What are the prime factors of u?
3, 5
Suppose 0 = 2*h - 0 - 8. List the prime factors of 9/(-6) + 134/h.
2
Suppose -9*c - 633 = 429. What are the prime factors of c/(-3)*((-15)/6 - -4)?
59
Let u(l) be the third derivative of -l**5/60 - 3*l**4/4 + 10*l**3/3 + 16*l**2. Let p = 4 + -21. What are the prime factors of u(p)?
37
Suppose 5*n = -n + 906. Let g = -85 + n. What are the prime factors of g?
2, 3, 11
What are the prime factors of 3/4*(-1888)/(-4)?
2, 3, 59
Let k(t) = 12*t**2 - 45*t - 39. List the prime factors of k(18).
3, 1013
Let x be (-4)/(4/523) + -4. List the prime factors of -1*(-8)/(-12) - x/3.
5, 7
What are the prime factors of (-135031)/(-52) - ((-26)/8 + 3)?
7, 53
Let m(j) = -j + 12. What are the prime factors of m(-16)?
2, 7
Let h(d) = -d + 4. Let w be h(4). What are the prime factors of (-1 + 6/10)*(-25 - w)?
2, 5
Let v = -53 + 154. What are the prime factors of v?
101
Let w = -213 - -135. Let s = w + 431. List the prime factors of s.
353
Let n(b) = -b**2 + b + 6. Let g be n(-3). Let j = 87 - 20. What are the prime factors of j - (-1 + g + 3)?
71
Let t(b) = -29*b + 6 + 18*b + 4 + 4. List the prime factors of t(-8).
2, 3, 17
Let n = 11 + -9. Let x be 1*(1 + -2) - n. What are the prime factors of 106/4 + x/(-6)?
3
Suppose 3*x + 5*r = -x + 435, -2*x - 5*r + 205 = 0. Suppose -v + x = 23. List the prime factors of v.
2, 23
Let d = -260 - -673. What are the prime factors of d?
7, 59
Let a(i) = -9 + i**2 - 4 + 2*i + 5 - 10. Let u be a(0). Let k = 21 + u. List the prime factors of k.
3
Let c(w) = -4*w**3 - 1. Let l be c(-1). Suppose k - 21 = -l*b, 4*b + b - k = 35. What are the prime factors of b?
7
Let f be (-36)/2 + (-1)/1. Suppose -z + 28 = 4*d, 5*d + 3*z = d + 36. What are the prime factors of (-4)/(d/3) - f?
17
Let d = -140 - -50. Let b be (3/9 + -1)*d. Let i = b + -41. What are the prime factors of i?
19
Suppose -7 = -s - 5. Suppose c + s*c = p - 157, p - 160 = 4*c. What are the prime factors of p?
2, 37
Let j = 495 + -166. List the p